igit of 190?
1
What is the thousands digit of 34953?
4
What is the ten thousands digit of 41226?
4
What is the units digit of 42662?
2
What is the units digit of 720?
0
What is the units digit of 4440?
0
What is the units digit of 13694?
4
What is the units digit of 896?
6
What is the hundreds digit of 1930?
9
What is the tens digit of 58?
5
What is the thousands digit of 16807?
6
What is the hundreds digit of 24475?
4
What is the tens digit of 20471?
7
What is the hundreds digit of 926?
9
What is the thousands digit of 23841?
3
What is the units digit of 476?
6
What is the units digit of 61231?
1
What is the thousands digit of 2129?
2
What is the hundreds digit of 1111?
1
What is the units digit of 2896?
6
What is the hundreds digit of 20065?
0
What is the tens digit of 521?
2
What is the hundreds digit of 772?
7
What is the hundreds digit of 45005?
0
What is the thousands digit of 1672?
1
What is the hundreds digit of 1432?
4
What is the units digit of 2373?
3
What is the thousands digit of 50596?
0
What is the thousands digit of 3568?
3
What is the units digit of 935?
5
What is the hundreds digit of 1278?
2
What is the hundreds digit of 294?
2
What is the tens digit of 34824?
2
What is the hundreds digit of 7565?
5
What is the hundreds digit of 3429?
4
What is the units digit of 17546?
6
What is the tens digit of 15952?
5
What is the units digit of 948?
8
What is the ten thousands digit of 32497?
3
What is the ten thousands digit of 93253?
9
What is the units digit of 1093?
3
What is the units digit of 37737?
7
What is the units digit of 6297?
7
What is the thousands digit of 1393?
1
What is the tens digit of 152?
5
What is the units digit of 91972?
2
What is the units digit of 919?
9
What is the units digit of 4303?
3
What is the tens digit of 6978?
7
What is the units digit of 55?
5
What is the thousands digit of 17603?
7
What is the tens digit of 16078?
7
What is the units digit of 96445?
5
What is the hundreds digit of 10346?
3
What is the units digit of 17357?
7
What is the ten thousands digit of 33776?
3
What is the hundreds digit of 117?
1
What is the thousands digit of 11888?
1
What is the ten thousands digit of 17476?
1
What is the units digit of 978?
8
What is the hundreds digit of 9261?
2
What is the thousands digit of 2031?
2
What is the thousands digit of 1086?
1
What is the thousands digit of 1151?
1
What is the tens digit of 2280?
8
What is the hundreds digit of 65769?
7
What is the thousands digit of 76046?
6
What is the tens digit of 77?
7
What is the ten thousands digit of 56151?
5
What is the units digit of 10046?
6
What is the units digit of 15272?
2
What is the hundreds digit of 83822?
8
What is the tens digit of 14?
1
What is the hundreds digit of 63731?
7
What is the thousands digit of 22302?
2
What is the hundreds digit of 34663?
6
What is the tens digit of 26301?
0
What is the units digit of 3041?
1
What is the tens digit of 462?
6
What is the tens digit of 2158?
5
What is the hundreds digit of 15970?
9
What is the tens digit of 10836?
3
What is the hundred thousands digit of 160431?
1
What is the hundreds digit of 1412?
4
What is the thousands digit of 35102?
5
What is the tens digit of 3428?
2
What is the thousands digit of 28237?
8
What is the units digit of 22474?
4
What is the units digit of 90525?
5
What is the units digit of 305?
5
What is the hundreds digit of 265?
2
What is the tens digit of 1097?
9
What is the ten thousands digit of 19842?
1
What is the tens digit of 91?
9
What is the hundreds digit of 136?
1
What is the ten thousands digit of 77614?
7
What is the units digit of 165?
5
What is the thousands digit of 4125?
4
What is the units digit of 167?
7
What is the thousands digit of 1905?
1
What is the ten thousands digit of 201841?
0
What is the thousands digit of 3062?
3
What is the tens digit of 25?
2
What is the units digit of 1935?
5
What is the thousands digit of 3955?
3
What is the tens digit of 1447?
4
What is the ten thousands digit of 82227?
8
What is the tens digit of 1886?
8
What is the thousands digit of 2472?
2
What is the hundreds digit of 4241?
2
What is the hundreds digit of 634?
6
What is the thousands digit of 114164?
4
What is the tens digit of 65?
6
What is the hundreds digit of 1989?
9
What is the thousands digit of 1060?
1
What is the units digit of 15031?
1
What is the thousands digit of 72711?
2
What is the ten thousands digit of 66592?
6
What is the units digit of 1222?
2
What is the hundreds digit of 1169?
1
What is the ten thousands digit of 153467?
5
What is the hundreds digit of 3844?
8
What is the thousands digit of 6386?
6
What is the hundreds digit of 7554?
5
What is the hundreds digit of 4365?
3
What is the units digit of 10011?
1
What is the units digit of 123111?
1
What is the tens digit of 889?
8
What is the units digit of 45?
5
What is the hundreds digit of 11898?
8
What is the thousands digit of 5759?
5
What is the thousands digit of 55487?
5
What is the units digit of 115?
5
What is the thousands digit of 1492?
1
What is the units digit of 8962?
2
What is the hundreds digit of 973?
9
What is the thousands digit of 7600?
7
What is the ten thousands digit of 26413?
2
What is the hundreds digit of 253?
2
What is the thousands digit of 18069?
8
What is the hundreds digit of 1685?
6
What is the thousands digit of 7213?
7
What is the units digit of 2343?
3
What is the ten thousands digit of 42201?
4
What is the hundreds digit of 6800?
8
What is the tens digit of 59697?
9
What is the hundreds digit of 114067?
0
What is the thousands digit of 4595?
4
What is the units digit of 6077?
7
What is the ten thousands digit of 27900?
2
What is the tens digit of 26083?
8
What is the ten thousands digit of 38485?
3
What is the units digit of 3849?
9
What is the thousands digit of 2235?
2
What is the hundreds digit of 5295?
2
What is the tens digit of 22509?
0
What is the hundreds digit of 366?
3
What is the hundreds digit of 913?
9
What is the tens digit of 806?
0
What is the units digit of 160268?
8
What is the thousands digit of 1341?
1
What is the hundreds digit of 3237?
2
What is the thousands digit of 2495?
2
What is the units digit of 17929?
9
What is the hundreds digit of 983?
9
What is the ten thousands digit of 47659?
4
What is the hundreds digit of 6435?
4
What is the hundreds digit of 68709?
7
What is the ten thousands digit of 30241?
3
What is the thousands digit of 100594?
0
What is the thousands digit of 30910?
0
What is the thousands digit of 4286?
4
What is the thousands digit of 71856?
1
What is the hundreds digit of 14830?
8
What is the ten thousands digit of 20192?
2
What is the thousands digit of 2144?
2
What is the units digit of 6533?
3
What is the tens digit of 145?
4
What is the tens digit of 23?
2
What is the thousands digit of 1414?
1
What is the hundreds digit of 3278?
2
What is the thousands digit of 118495?
8
What is the units digit of 20463?
3
What is the tens digit of 1811?
1
What is the units digit of 4002?
2
What is the ten thousands digit of 59655?
5
What is the tens digit of 96?
9
What is the units digit of 10174?
4
What is the hundred thousands digit of 149983?
1
What is the tens digit of 63621?
2
What is the tens digit of 3580?
8
What is the thousands digit of 58412?
8
What is the tens digit of 145009?
0
What is the tens digit of 40544?
4
What is the tens digit of 3251?
5
What is the tens digit of 306?
0
What is the thousands digit of 1983?
1
What is the tens digit of 1345?
4
What is the thousands digit of 10288?
0
What is the hundreds digit of 33764?
7
What is the thousands digit of 81548?
1
What is the tens digit of 5280?
8
What is the thousands digit of 3559?
3
What is the hundreds digit of 38232?
2
What is the tens digit of 1089?
8
What is the units digit of 19644?
4
What is the hundreds digit of 6112?
1
What is the tens digit of 11108?
0
What is the ten thousands digit of 122835?
2
What is the tens digit of 24967?
6
What is the thousands digit of 9974?
9
What is the hundreds digit of 3096?
0
What is the thousands digit of 3877?
3
What is the tens digit of 14762?
6
What is the tens digit of 287?
8
What is the tens digit of 7339?
3
What is the hundreds digit of 33498?
4
What is the units digit of 64373?
3
What is the hundreds digit of 